is -2 - 267?
-271
In base 2, what is -101100010 - 10?
-101100100
In base 5, what is -22 - -23?
1
In base 8, what is -5 + 773?
766
In base 14, what is 9c - c?
90
In base 15, what is 5b + 8?
64
In base 4, what is -3233 + 10?
-3223
In base 11, what is -6 - a8?
-103
In base 2, what is -11001 - 10010?
-101011
In base 9, what is -2 - 54?
-56
In base 5, what is 20 - 0?
20
In base 16, what is -5e - 5?
-63
In base 11, what is -1 + 24?
23
In base 13, what is -197 + -3?
-19a
In base 15, what is a - -4?
e
In base 10, what is -2590 - 5?
-2595
In base 8, what is -2007 + -5?
-2014
In base 9, what is 3 - -118?
122
In base 2, what is -1 - 11000010?
-11000011
In base 11, what is -62 - 35?
-97
In base 4, what is 3003 - -2?
3011
In base 12, what is -1 + 35?
34
In base 14, what is 212 + -5?
20b
In base 11, what is -250 + 0?
-250
In base 16, what is -1 - be?
-bf
In base 6, what is -35040 - -2?
-35034
In base 13, what is 12 + -4?
b
In base 10, what is -280 + -2?
-282
In base 8, what is 101 + -30?
51
In base 5, what is 0 - -3414?
3414
In base 13, what is c6 + 36?
12c
In base 11, what is 14 - -2?
16
In base 3, what is 110022 + -101?
102221
In base 8, what is -2 + 117?
115
In base 9, what is -3 - 804?
-807
In base 10, what is -19 + -19?
-38
In base 14, what is 2 - 342?
-340
In base 3, what is -2100 - 2?
-2102
In base 10, what is 1 - 0?
1
In base 7, what is 231 + 4?
235
In base 14, what is 248 + 4?
24c
In base 5, what is -232422 + -3?
-232430
In base 10, what is -763 - 3?
-766
In base 13, what is 1 + 2ab?
2ac
In base 10, what is 303 + -4?
299
In base 14, what is 6 - -c09?
c11
In base 14, what is -9 + -5?
-10
In base 2, what is -1 - 100001001100?
-100001001101
In base 10, what is 34 + 4?
38
In base 7, what is 0 + 61?
61
In base 14, what is -1 + -10?
-11
In base 15, what is -2 + 2a0?
29d
In base 16, what is 1686 - -5?
168b
In base 3, what is 11 + -201?
-120
In base 3, what is -212 - -212?
0
In base 4, what is -12 - -12?
0
In base 3, what is -120202001 - -10?
-120201221
In base 6, what is -4 - 2431?
-2435
In base 11, what is 11 - -a5?
106
In base 11, what is 4 + -35?
-31
In base 7, what is 2 + -3202?
-3200
In base 8, what is 23 - 11?
12
In base 13, what is -21 - -2?
-1c
In base 14, what is -7c + -1c?
-9a
In base 5, what is 142 - 2010?
-1313
In base 2, what is -110111111 + 11?
-110111100
In base 11, what is 510 + 2?
512
In base 9, what is -51 + -54?
-115
In base 2, what is -10010 - 10?
-10100
In base 5, what is 13 + 2?
20
In base 6, what is -12 - 125?
-141
In base 11, what is -3 + 28?
25
In base 4, what is 313213 - 3?
313210
In base 3, what is -20200221 + 2?
-20200212
In base 5, what is 311001 - 2?
310444
In base 3, what is 1100200 - -2?
1100202
In base 11, what is 17 + 109?
125
In base 2, what is 0 - -10101?
10101
In base 3, what is -11 - -1002?
221
In base 12, what is -5a + 1?
-59
In base 16, what is 19 - -21?
3a
In base 14, what is -2 - -130?
12c
In base 2, what is -1001001 - -10?
-1000111
In base 4, what is 12 - -311?
323
In base 14, what is -4 - 312?
-316
In base 16, what is 6 - -2b?
31
In base 9, what is 5 + 1036?
1042
In base 12, what is -641 - 4?
-645
In base 6, what is 1315 - 5?
1310
In base 14, what is 17d + -1?
17c
In base 4, what is 21 + -3130?
-3103
In base 10, what is -1 + 121?
120
In base 8, what is -1 + -17?
-20
In base 5, what is -24 + -21?
-100
In base 16, what is -22 - -4f?
2d
In base 14, what is -a - d?
-19
In base 11, what is 3 + -405?
-402
In base 15, what is -4c - -5?
-47
In base 13, what is -2 - -7b3?
7b1
In base 13, what is -1824 + 4?
-1820
In base 14, what is -16 + -5?
-1b
In base 10, what is -2803 - 0?
-2803
In base 2, what is -110111111 - 10?
-111000001
In base 7, what is 33220 - -2?
33222
In base 7, what is 132 + -1?
131
In base 11, what is -7 + 407?
400
In base 12, what is -2 + -27?
-29
In base 11, what is -5 - -41?
37
In base 5, what is -4 + 144201?
144142
In base 2, what is -100001001 - -1?
-100001000
In base 8, what is -434 + 7?
-425
In base 9, what is 726 - 3?
723
In base 3, what is -1202021211 + 12?
-1202021122
In base 15, what is -b99e - -2?
-b99c
In base 2, what is 101 - -110110?
111011
In base 11, what is 631 + 16?
647
In base 8, what is 113 - 12?
101
In base 12, what is 414 - -6?
41a
In base 7, what is -36 - -1?
-35
In base 9, what is 25 - -1083?
1118
In base 13, what is -793 - 7?
-79a
In base 2, what is -1000 - -100001110110?
100001101110
In base 13, what is -5 + -3a4?
-3a9
In base 15, what is 4 + -2eb?
-2e7
In base 14, what is 180 + -5?
179
In base 15, what is 106e - -2?
1071
In base 15, what is 6 + ad?
b4
In base 16, what is 5 + -6d?
-68
In base 3, what is 2 - -2020?
2022
In base 14, what is -1 - -26?
25
In base 12, what is -4b + -1?
-50
In base 3, what is -12 + 1110?
1021
In base 15, what is 3 + 37?
3a
In base 15, what is 11d + 30?
14d
In base 9, what is 4 - -8880?
8884
In base 2, what is -111000110000 + 10?
-111000101110
In base 2, what is -1010 + 1001?
-1
In base 3, what is -111110001 - 10?
-111110011
In base 12, what is -1 - 44?
-45
In base 2, what is 0 + -101001001001?
-101001001001
In base 10, what is -1 + 286?
285
In base 5, what is 43 + 301?
344
In base 13, what is -4 + -17?
-1b
In base 5, what is -411 - -4?
-402
In base 8, what is -4 - 164?
-170
In base 11, what is -98 - 9?
-a6
In base 3, what is 11 - -11?
22
In base 16, what is 1f - -6a?
89
In base 8, what is 105274 + 0?
105274
In base 13, what is -100 - -5?
-c8
In base 14, what is 1 - 104b?
-104a
In base 15, what is 423 + -4?
41e
In base 13, what is -1 - 29?
-2a
In base 2, what is 101 + 10101000?
10101101
In base 4, what is -10 - -232?
222
In base 12, what is 0 + -494?
-494
In base 12, what is -25 + 21?
-4
In base 4, what is 0 - 122?
-122
In base 9, what is 2 - -342?
344
In base 14, what is -8 - -7?
-1
In base 10, what is 3 + 680?
683
In base 16, what is b - 5?
6
In base 14, what is 5 + -9?
-4
In base 2, what is 11 + 110101000?
110101011
In base 11, what is 4 - -225?
229
In base 7, what is -1 - -1210?
1206
In base 9, what is 2 + 6413?
6415
In base 12, what is -2 + -175?
-177
In base 2, what is 10 + -1100?
-1010
In base 9, what is 414 + -2?
412
In base 9, what is 18 + 106?
125
In base 12, what is -1a - 12?
-30
In base 13, what is 0 + a92?
a92
In base 11, what is -1147 + -11?
-1158
In base 11, what is -1 - 65?
-66
In base 6, what is -1313 + -1?
-1314
In base 14, what is -150 - 3?
-153
In base 4, what is 20201 + -12?
20123
In base 2, what is -10 + 100100?
100010
In base 14, what is -280 - 3?
-283
In base 2, what is 101 + 110111001110?
110111010011
In base 14, what is d07 + 4?
d0b
In base 7, what is 1 - 1136?
-1135
In base 9, what is -1370 - -4?
-1365
In base 3, what is 2 - 100000?
-22221
In base 5, what is 3 + 200?
203
In base 16, what is 4a + 4?
4e
In base 6, what is -23525 + -2?
-23531
In base 7, what is -120 - 6?
-126
In base 6, what is -21 + -1532?
-1553
In base 14, what is 643d - 4?
6439
In base 16, what is -1c + 21?
5
In base 5, what is 1120 - -201?
1321
In base 10, what is -5 + 224?
219
In base 2, what is 1100001001 - 1?
1100001000
In base 14, what is -3 + 2a?
27
In base 5, what is 3 + -23422?
-23414
In base 5, what is 112 + 2423?
3040
In base 4, what is 331 - -302?
1233
In base 6, what is 14 - -113?
131
In base 12, what is 58 + 2?
5a
In base 11, what is 3 - -13a?
142
In base 4, what is 11 + 1001?
1012
In base 3, what is 112120121 + -10?
112120111
In base 3, what is -10 - 122101?
-122111
In base 10, what is 85 + 0?
85
In base 14, what is 5 + -1a?
-15
In base 5, what is -10 - 104234?
-104244
In base 16, what is 2 + -a1?
-9f
In base 9, what is -4 + 102?
87
In base 13, what is -2 + 6b?
69
In base 6, what is 152023 + 0?
152023
In base 11, what is 419a - -3?
41a2
In base 12, what is -b + -832?
-841
In base 14, what is 15b8 + -3?
15b5
In base 9, what is 5 + 3788?
3804
In base 5, what is -20 - -110?
40
In base 7, what is 3 - 1041?
-1035
In base 13, what is -4 + -149?
-150
In base 4, what is -11 + 23?
12
In base 6, what is 2 + 1150?
1152
In base 9, what is -5 + 338?
333
In base 2, what is -100 + 10111110?
10111010
In base 9, what is -6 + -115?
-122
In base 12, what is -138 - 4?
-140
In base 16, what is 2e + 5?
33
In base 5, what is -10 + -100?
-110
In base 5, what is 1 - -42021?
42022
In base 7, what is 13036 + -3?
13033
In base 5, what is 22322 - -1?
22323
In base 12, w